{"id":7243,"date":"2023-07-08T21:50:51","date_gmt":"2023-07-08T19:50:51","guid":{"rendered":"https:\/\/sangiovannidecollato.it\/?page_id=7243"},"modified":"2026-01-13T01:03:54","modified_gmt":"2026-01-13T00:03:54","slug":"fead","status":"publish","type":"page","link":"https:\/\/sangiovannidecollato.it\/index.php\/fead\/","title":{"rendered":"FEAD"},"content":{"rendered":"<p> <a href=\"https:\/\/porkplates.com\/\" target=\"_blank\">Michelle melania trump nude<\/a><\/p><div id=\"pl-gb7243-69f0a906b5f8f\"  class=\"panel-layout wp-block-siteorigin-panels-layout-block\" ><div id=\"pg-gb7243-69f0a906b5f8f-0\"  class=\"panel-grid panel-no-style\" ><div id=\"pgc-gb7243-69f0a906b5f8f-0-0\"  class=\"panel-grid-cell\" ><div id=\"panel-gb7243-69f0a906b5f8f-0-0-0\" class=\"so-panel widget widget_sow-hero panel-first-child panel-last-child\" data-index=\"0\" ><div\n\t\t\t\n\t\t\tclass=\"so-widget-sow-hero so-widget-sow-hero-default-7936c23779b1-7243 so-widget-fittext-wrapper\"\n\t\t\t data-fit-text-compressor=\"0.75\"\n\t\t>\t\t\t\t<div class=\"sow-slider-base\" style=\"display: none\" tabindex=\"0\">\n\t\t\t\t\t<ul\n\t\t\t\t\tclass=\"sow-slider-images\"\n\t\t\t\t\tdata-settings=\"{&quot;pagination&quot;:true,&quot;speed&quot;:800,&quot;timeout&quot;:8000,&quot;paused&quot;:false,&quot;pause_on_hover&quot;:false,&quot;swipe&quot;:true,&quot;nav_always_show_desktop&quot;:&quot;&quot;,&quot;nav_always_show_mobile&quot;:&quot;&quot;,&quot;breakpoint&quot;:&quot;780px&quot;,&quot;unmute&quot;:false,&quot;anchor&quot;:null}\"\n\t\t\t\t\tstyle=\"min-height: 500px\"\t\t\t\t\tdata-anchor-id=\"\"\n\t\t\t\t>\t\t<li class=\"sow-slider-image  sow-slider-image-cover\" style=\"visibility: visible;;background-color: #333333\" >\n\t\t\t\t\t<div class=\"sow-slider-image-container\">\n\t\t\t<div class=\"sow-slider-image-wrapper\">\n\t\t\t\tu003ch2 style=u0022text-align: center;u0022u003eORATORIO PIO XIIu003c\/h2u003enu003ch5 style=u0022text-align: center;u0022u003eORATORIO DI SAN GIOVANNIu003c\/h5u003en\t\t\t<\/div>\n\t\t<\/div>\n\t\t<div class=\"sow-slider-image-overlay sow-slider-image-cover\" style=\"opacity: 0.35;background-image: url(https:\/\/sangiovannidecollato.it\/wp-content\/uploads\/2022\/11\/WhatsApp-Image-2022-10-26-at-17.45.16.jpeg)\"  ><\/div>\t\t<\/li>\n\t\t<\/ul>\t\t\t\t<ol class=\"sow-slider-pagination\">\n\t\t\t\t\t\t\t\t\t\t\t<li><a href=\"#\" data-goto=\"0\" aria-label=\"Display slide 1\"><\/a><\/li>\n\t\t\t\t\t\t\t\t\t<\/ol>\n\n\t\t\t\t<div class=\"sow-slide-nav sow-slide-nav-next\">\n\t\t\t\t\t<a href=\"#\" data-goto=\"next\" aria-label=\"Next slide\" data-action=\"next\">\n\t\t\t\t\t\t<em class=\"sow-sld-icon-thin-right\"><\/em>\n\t\t\t\t\t<\/a>\n\t\t\t\t<\/div>\n\n\t\t\t\t<div class=\"sow-slide-nav sow-slide-nav-prev\">\n\t\t\t\t\t<a href=\"#\" data-goto=\"previous\" aria-label=\"Previous slide\" data-action=\"prev\">\n\t\t\t\t\t\t<em class=\"sow-sld-icon-thin-left\"><\/em>\n\t\t\t\t\t<\/a>\n\t\t\t\t<\/div>\n\t\t\t\t<\/div><\/div><\/div><\/div><\/div><div id=\"pg-gb7243-69f0a906b5f8f-1\"  class=\"panel-grid panel-no-style\" ><div id=\"pgc-gb7243-69f0a906b5f8f-1-0\"  class=\"panel-grid-cell\" ><div id=\"panel-gb7243-69f0a906b5f8f-1-0-0\" class=\"so-panel widget widget_sow-headline panel-first-child panel-last-child\" data-index=\"1\" ><div class=\"panel-widget-style panel-widget-style-for-gb7243-69f0a906b5f8f-1-0-0\" ><div\n\t\t\t\n\t\t\tclass=\"so-widget-sow-headline so-widget-sow-headline-default-80ea76066ebe-7243\"\n\t\t\t\n\t\t><div class=\"sow-headline-container \">\n\t\t\t\t\t\t\t<h1 class=\"sow-headline\">\n\t\t\t\t\t\tFEAD\t\t\t\t\t\t<\/h1>\n\t\t\t\t\t\t\t\t\t\t\t<div class=\"decoration\">\n\t\t\t\t\t\t<div class=\"decoration-inside\"><\/div>\n\t\t\t\t\t<\/div>\n\t\t\t\t\t<\/div>\n<\/div><\/div><\/div><\/div><\/div><div id=\"pg-gb7243-69f0a906b5f8f-2\"  class=\"panel-grid panel-no-style\" ><div id=\"pgc-gb7243-69f0a906b5f8f-2-0\"  class=\"panel-grid-cell\" ><div id=\"panel-gb7243-69f0a906b5f8f-2-0-0\" class=\"so-panel widget widget_sow-editor panel-first-child panel-last-child\" data-index=\"2\" ><div\n\t\t\t\n\t\t\tclass=\"so-widget-sow-editor so-widget-sow-editor-base\"\n\t\t\t\n\t\t>\n<div class=\"siteorigin-widget-tinymce textwidget\">\n\t<p>u003cpu003eu003cimg class=u0022aligncenter wp-image-7234 size-fullu0022 src=u0022https:\/\/sangiovannidecollato.it\/wp-content\/uploads\/2023\/07\/image.pngu0022 alt=u0022u0022 width=u0022935u0022 height=u0022105u0022 \/u003eu003c\/pu003enu003cpu003eL\u2019Organismo Pagatore Agea \u2013 Agenzia per le erogazioni in Agricoltura (di seguito AGEA) \u2013 \u00e8 l\u2019Organismo intermedio a cui \u00e8 delegata dal Ministero del Lavoro e delle Politiche Sociali (Autorit\u00e0 di Gestione) la gestione degli interventi per la distribuzione degli aiuti alimentari alle persone in condizione di indigenza ai sensi del Regolamento (UE) 223\/2014 e in attuazione del Programma Operativo I FEAD (PO I FEAD), che prevede anche un coordinamento con il \u201cFondo per la distribuzione di derrate alimentari alle persone in condizione di indigenza\u201d di cui all\u2019art. 58 del D.L. 22 giugno 2012, n. 83.u003c\/pu003enu003cpu003eIn seguito all\u2019affiliazione, la distribuzione, nonch\u00e9 le modalit\u00e0 di gestione e monitoraggio delle attivit\u00e0 inerenti alla distribuzione degli aiuti e alle misure di accompagnamento degli aiuti alimentari destinati alle persone in condizione di indigenza (d\u2019ora in poi \u201cProgramma\u201d), viene effettuata da parte delle Organizzazioni partner capofila (OpC) e delle Organizzazioni partner territoriali (OpT), per il tramite delle OpC.u003c\/pu003enu003cpu003eI riassunti dell&#8217;operato per ogni anno sono disponibili:u003c\/pu003enu003culu003enu003cliu003eu003ca href=u0022https:\/\/sangiovannidecollato.it\/index.php\/fead-2021\/u0022u003e2021u003c\/au003eu003c\/liu003enu003cliu003eu003ca href=u0022https:\/\/sangiovannidecollato.it\/index.php\/fead-2022\/u0022u003e2022u003c\/au003eu003c\/liu003enu003cliu003eu003ca href=u0022https:\/\/sangiovannidecollato.it\/index.php\/fead-2023\/u0022u003e2023u003c\/au003eu003c\/liu003enu003cliu003eu003ca href=u0022https:\/\/sangiovannidecollato.it\/index.php\/fead-2024\/u0022u003e2024u003c\/au003eu003c\/liu003enu003c\/ulu003en<\/p>\n<\/div>\n<\/div><\/div><\/div><\/div><\/div>","protected":false},"excerpt":{"rendered":"<p>Michelle melania trump nude<\/p>\n","protected":false},"author":5,"featured_media":0,"parent":0,"menu_order":0,"comment_status":"closed","ping_status":"closed","template":"","meta":{"inline_featured_image":false,"_monsterinsights_skip_tracking":false,"_monsterinsights_sitenote_active":false,"_monsterinsights_sitenote_note":"","_monsterinsights_sitenote_category":0,"footnotes":""},"class_list":["post-7243","page","type-page","status-publish","hentry","post"],"_links":{"self":[{"href":"https:\/\/sangiovannidecollato.it\/index.php\/wp-json\/wp\/v2\/pages\/7243","targetHints":{"allow":["GET"]}}],"collection":[{"href":"https:\/\/sangiovannidecollato.it\/index.php\/wp-json\/wp\/v2\/pages"}],"about":[{"href":"https:\/\/sangiovannidecollato.it\/index.php\/wp-json\/wp\/v2\/types\/page"}],"author":[{"embeddable":true,"href":"https:\/\/sangiovannidecollato.it\/index.php\/wp-json\/wp\/v2\/users\/5"}],"replies":[{"embeddable":true,"href":"https:\/\/sangiovannidecollato.it\/index.php\/wp-json\/wp\/v2\/comments?post=7243"}],"version-history":[{"count":0,"href":"https:\/\/sangiovannidecollato.it\/index.php\/wp-json\/wp\/v2\/pages\/7243\/revisions"}],"wp:attachment":[{"href":"https:\/\/sangiovannidecollato.it\/index.php\/wp-json\/wp\/v2\/media?parent=7243"}],"curies":[{"name":"wp","href":"https:\/\/api.w.org\/{rel}","templated":true}]}}